{"id":11019,"date":"2021-11-01T23:08:36","date_gmt":"2021-11-01T21:08:36","guid":{"rendered":"https:\/\/dialozi.uni-plovdiv.bg\/?page_id=11019"},"modified":"2022-01-18T22:44:04","modified_gmt":"2022-01-18T20:44:04","slug":"%d0%b4%d0%b6%d0%be%d0%bd%d0%b0%d1%82%d0%b0%d0%bd-%d0%b1%d0%be%d0%bb%d1%82%d1%8a%d0%bd","status":"publish","type":"page","link":"https:\/\/dialozi.uni-plovdiv.bg\/?page_id=11019","title":{"rendered":"\u0414\u0436\u043e\u043d\u0430\u0442\u0430\u043d \u0411\u043e\u043b\u0442\u044a\u043d"},"content":{"rendered":"<p>\u041f\u0440\u043e\u0444. \u0434-\u0440 \u0414\u0436\u043e\u043d\u0430\u0442\u0430\u043d \u0411\u043e\u043b\u0442\u044a\u043d (Jonathan Bolton, jbolton@fas.harvard.edu) \u043f\u0440\u0435\u043f\u043e\u0434\u0430\u0432\u0430 \u0447\u0435\u0448\u043a\u0430 \u043b\u0438\u0442\u0435\u0440\u0430\u0442\u0443\u0440\u0430 \u0432 \u0425\u0430\u0440\u0432\u0430\u0440\u0434\u0441\u043a\u0438\u044f \u0443\u043d\u0438\u0432\u0435\u0440\u0441\u0438\u0442\u0435\u0442. \u0417\u0430\u0449\u0438\u0442\u0438\u043b \u0435 \u0434\u043e\u043a\u0442\u043e\u0440\u0430\u0442 \u043f\u0440\u0435\u0437 2001 \u0433. \u0432 \u0423\u043d\u0438\u0432\u0435\u0440\u0441\u0438\u0442\u0435\u0442\u0430 \u0432 \u041c\u0438\u0447\u0438\u0433\u044a\u043d. \u0410\u0432\u0442\u043e\u0440 \u0435 \u043d\u0430 \u043c\u043e\u043d\u043e\u0433\u0440\u0430\u0444\u0438\u044f\u0442\u0430 <em>\u0421\u0432\u0435\u0442\u043e\u0432\u0435\u0442\u0435 \u043d\u0430 \u0434\u0438\u0441\u0438\u0434\u0435\u043d\u0442\u0441\u0442\u0432\u043e\u0442\u043e: \u0425\u0430\u0440\u0442\u0430 77, \u201e\u041f\u043b\u0430\u0441\u0442\u0438\u043a \u043f\u0438\u0439\u043f\u044a\u043b \u044a\u0432 \u0434\u044a \u044e\u043d\u0438\u0432\u044a\u0440\u0441\u201c \u0438 \u0447\u0435\u0448\u043a\u0430\u0442\u0430 \u043a\u0443\u043b\u0442\u0443\u0440\u0430 \u043f\u043e \u0432\u0440\u0435\u043c\u0435 \u043d\u0430 \u043a\u043e\u043c\u0443\u043d\u0438\u0437\u043c\u0430<\/em>, \u0438\u0437\u0434\u0430\u0434\u0435\u043d\u0430 \u043d\u0430 \u0430\u043d\u0433\u043b\u0438\u0439\u0441\u043a\u0438 (<em>Worlds of dissent: Charter 77, the Plastic People of the Universe, and Czech Culture under Communism<\/em>, 2012) \u0438 \u043d\u0430 \u0447\u0435\u0448\u043a\u0438 (<em>Sv\u011bty disentu: Charta 77, Plastic People of the Universe a \u010desk\u00e1 kultura za komunismu<\/em>, 2015). \u0421\u044a\u0441\u0442\u0430\u0432\u0438\u0442\u0435\u043b \u0435 \u043d\u0430 \u043a\u043d\u0438\u0433\u0430\u0442\u0430 <em>\u041d\u043e\u0432\u0438\u044f\u0442 \u0438\u0441\u0442\u043e\u0440\u0438\u0437\u044a\u043c<\/em> (<em>Nov\u00fd historismus,<\/em> \u0411\u044a\u0440\u043d\u043e, 2007). \u041f\u0440\u0435\u0432\u0435\u0436\u0434\u0430 \u0447\u0435\u0448\u043a\u0430 \u043f\u043e\u0435\u0437\u0438\u044f \u0438 \u043f\u0440\u043e\u0437\u0430.<\/p>\n\n\n\n<h3 class=\"wp-block-heading\">\u0421\u0422\u0410\u0422\u0418\u0418<\/h3>\n\n\n\n<p><a href=\"https:\/\/dialozi.uni-plovdiv.bg\/?p=11273\">\u0415\u043b\u0435\u0433\u0438\u0438 \u043e\u0431\u0449\u0435\u0441\u0442\u0432\u0435\u043d\u0438 \u0438 \u043b\u0438\u0447\u043d\u0438. \u041c\u0435\u043b\u0430\u043d\u0445\u043e\u043b\u0438\u044f\u0442\u0430 \u043f\u0440\u0438 \u0421\u0430\u0439\u0444\u0435\u0440\u0442, \u041e\u0440\u0442\u0435\u043d \u0438 \u0411\u043b\u0430\u0442\u043d\u0438.<\/a> \u041f\u0440\u0435\u0432\u043e\u0434 \u043e\u0442 \u0447\u0435\u0448\u043a\u0438: <a href=\"https:\/\/dialozi.uni-plovdiv.bg\/?page_id=11034\">\u041c\u0438\u0445\u0430\u0435\u043b\u0430 \u041a\u0443\u0437\u043c\u043e\u0432\u0430<\/a>. \/\/ <a href=\"https:\/\/dialozi.uni-plovdiv.bg\/?page_id=10596\"><em>\u0421\u043b\u0430\u0432\u044f\u043d\u0441\u043a\u0438 \u0434\u0438\u0430\u043b\u043e\u0437\u0438<\/em>,  XVIII, 2021, 28<\/a>, 38-58.<\/p>\n\n\n\n<p><\/p>","protected":false},"excerpt":{"rendered":"\u041f\u0440\u043e\u0444. \u0434-\u0440 \u0414\u0436\u043e\u043d\u0430\u0442\u0430\u043d \u0411\u043e\u043b\u0442\u044a\u043d (Jonathan Bolton, jbolton@fas.harvard.edu) \u043f\u0440\u0435\u043f\u043e\u0434\u0430\u0432\u0430 \u0447\u0435\u0448\u043a\u0430 \u043b\u0438\u0442\u0435\u0440\u0430\u0442\u0443\u0440\u0430 \u0432 \u0425\u0430\u0440\u0432\u0430\u0440\u0434\u0441\u043a\u0438\u044f \u0443\u043d\u0438\u0432\u0435\u0440\u0441\u0438\u0442\u0435\u0442. \u0417\u0430\u0449\u0438\u0442\u0438\u043b \u0435 \u0434\u043e\u043a\u0442\u043e\u0440\u0430\u0442 \u043f\u0440\u0435\u0437 2001 \u0433. \u0432 \u0423\u043d\u0438\u0432\u0435\u0440\u0441\u0438\u0442\u0435\u0442\u0430 \u0432 \u041c\u0438\u0447\u0438\u0433\u044a\u043d. \u0410\u0432\u0442\u043e\u0440 \u0435 \u043d\u0430 \u043c\u043e\u043d\u043e\u0433\u0440\u0430\u0444\u0438\u044f\u0442\u0430 \u0421\u0432\u0435\u0442\u043e\u0432\u0435\u0442\u0435 \u043d\u0430 \u0434\u0438\u0441\u0438\u0434\u0435\u043d\u0442\u0441\u0442\u0432\u043e\u0442\u043e: \u0425\u0430\u0440\u0442\u0430 77, \u201e\u041f\u043b\u0430\u0441\u0442\u0438\u043a \u043f\u0438\u0439\u043f\u044a\u043b \u044a\u0432 \u0434\u044a \u044e\u043d\u0438\u0432\u044a\u0440\u0441\u201c \u0438 \u0447\u0435\u0448\u043a\u0430\u0442\u0430 \u043a\u0443\u043b\u0442\u0443\u0440\u0430 \u043f\u043e \u0432\u0440\u0435\u043c\u0435 \u043d\u0430 \u043a\u043e\u043c\u0443\u043d\u0438\u0437\u043c\u0430, \u0438\u0437\u0434\u0430\u0434\u0435\u043d\u0430 \u043d\u0430 \u0430\u043d\u0433\u043b\u0438\u0439\u0441\u043a\u0438 (Worlds of dissent: Charter 77, the Plastic People [&hellip;]","protected":false},"author":6,"featured_media":0,"parent":1597,"menu_order":0,"comment_status":"closed","ping_status":"closed","template":"","meta":{"_acf_changed":false,"footnotes":""},"class_list":["post-11019","page","type-page","status-publish","hentry"],"acf":[],"_links":{"self":[{"href":"https:\/\/dialozi.uni-plovdiv.bg\/index.php?rest_route=\/wp\/v2\/pages\/11019","targetHints":{"allow":["GET"]}}],"collection":[{"href":"https:\/\/dialozi.uni-plovdiv.bg\/index.php?rest_route=\/wp\/v2\/pages"}],"about":[{"href":"https:\/\/dialozi.uni-plovdiv.bg\/index.php?rest_route=\/wp\/v2\/types\/page"}],"author":[{"embeddable":true,"href":"https:\/\/dialozi.uni-plovdiv.bg\/index.php?rest_route=\/wp\/v2\/users\/6"}],"replies":[{"embeddable":true,"href":"https:\/\/dialozi.uni-plovdiv.bg\/index.php?rest_route=%2Fwp%2Fv2%2Fcomments&post=11019"}],"version-history":[{"count":14,"href":"https:\/\/dialozi.uni-plovdiv.bg\/index.php?rest_route=\/wp\/v2\/pages\/11019\/revisions"}],"predecessor-version":[{"id":13933,"href":"https:\/\/dialozi.uni-plovdiv.bg\/index.php?rest_route=\/wp\/v2\/pages\/11019\/revisions\/13933"}],"up":[{"embeddable":true,"href":"https:\/\/dialozi.uni-plovdiv.bg\/index.php?rest_route=\/wp\/v2\/pages\/1597"}],"wp:attachment":[{"href":"https:\/\/dialozi.uni-plovdiv.bg\/index.php?rest_route=%2Fwp%2Fv2%2Fmedia&parent=11019"}],"curies":[{"name":"wp","href":"https:\/\/api.w.org\/{rel}","templated":true}]}}