{"id":467,"date":"2018-07-10T14:27:57","date_gmt":"2018-07-10T12:27:57","guid":{"rendered":"http:\/\/dialozi.uni-plovdiv.bg\/?page_id=467"},"modified":"2021-09-01T20:31:11","modified_gmt":"2021-09-01T18:31:11","slug":"%d0%b1%d1%80%d0%be%d0%b9-5","status":"publish","type":"page","link":"https:\/\/dialozi.uni-plovdiv.bg\/?page_id=467","title":{"rendered":"\u041a\u043d\u0438\u0436\u043a\u0430 5\/6 (2\/3), 2005"},"content":{"rendered":"<div class=\"wp-block-media-text alignwide is-stacked-on-mobile is-vertically-aligned-bottom\"><figure class=\"wp-block-media-text__media\"><a href=\"https:\/\/dialozi.uni-plovdiv.bg\/wp-content\/uploads\/2021\/06\/Slavyanski_dialozi-kn.5-6-2005.pdf\"><img loading=\"lazy\" decoding=\"async\" width=\"334\" height=\"500\" src=\"https:\/\/dialozi.uni-plovdiv.bg\/wp-content\/uploads\/2021\/06\/SD-kn.5-6x500-1.jpg\" alt=\"\" class=\"wp-image-5902 size-full\" srcset=\"https:\/\/dialozi.uni-plovdiv.bg\/wp-content\/uploads\/2021\/06\/SD-kn.5-6x500-1.jpg 334w, https:\/\/dialozi.uni-plovdiv.bg\/wp-content\/uploads\/2021\/06\/SD-kn.5-6x500-1-200x300.jpg 200w\" sizes=\"auto, (max-width: 334px) 100vw, 334px\" \/><\/a><\/figure><div class=\"wp-block-media-text__content\">\n<div class=\"wp-block-file\"><a href=\"https:\/\/dialozi.uni-plovdiv.bg\/wp-content\/uploads\/2021\/06\/Slavyanski_dialozi-kn.5-6-2005.pdf\">Slavyanski_dialozi-kn.5-6-2005<\/a><a href=\"https:\/\/dialozi.uni-plovdiv.bg\/wp-content\/uploads\/2021\/06\/Slavyanski_dialozi-kn.5-6-2005.pdf\" class=\"wp-block-file__button\" download>\u0418\u0437\u0442\u0435\u0433\u043b\u044f\u043d\u0435<\/a><\/div>\n\n\n\n<h5>\u041d\u0430 \u043a\u043e\u0440\u0438\u0446\u0430\u0442\u0430:<br>\u0414\u0435\u0447\u043a\u043e \u0423\u0437\u0443\u043d\u043e\u0432, \u0438\u0437 \u0446\u0438\u043a\u044a\u043b\u0430 <em>\u041c\u043e\u043c\u0438<\/em><\/h5>\n<\/div><\/div>\n\n\n<h4>\u0418\u0417\u0412\u041e\u0420\u0418<\/h4>\n<p><a href=\"https:\/\/dialozi.uni-plovdiv.bg\/?p=6938\">190 \u0433\u043e\u0434\u0438\u043d\u0438 \u043e\u0442 \u0440\u043e\u0436\u0434\u0435\u043d\u0438\u0435\u0442\u043e \u0438 100 \u0433\u043e\u0434\u0438\u043d\u0438 \u043e\u0442 \u0441\u043c\u044a\u0440\u0442\u0442\u0430 \u043d\u0430 \u0419\u043e\u0441\u0438\u043f \u042e\u0440\u0430\u0439 \u0429\u0440\u043e\u0441\u043c\u0430\u0439\u0435\u0440 (1815 \u2013 1905)<\/a> <br \/>(\u0422\u0435\u043d\u0447\u043e \u0414\u0435\u0440\u0435\u043a\u044e\u0432\u043b\u0438\u0435\u0432)\u00a0<\/p>\n<h4>\u0414\u041e\u041a\u0423\u041c\u0415\u041d\u0422\u0418<\/h4>\n<p><a href=\"https:\/\/dialozi.uni-plovdiv.bg\/?p=6950\">\u041a\u043e\u043d\u0441\u0442\u0430\u043d\u0442\u0438\u043d \u0418\u0440\u0435\u0447\u0435\u043a \u0438 \u041f\u043b\u043e\u0432\u0434\u0438\u0432<\/a> <br \/>(\u041f\u0435\u0442\u043a\u043e \u0417. \u041f\u0435\u0442\u043a\u043e\u0432)\u00a0<\/p>\n<p><a href=\"https:\/\/dialozi.uni-plovdiv.bg\/?p=6950\"><strong>\u0414-\u0440 \u041a\u043e\u043d\u0441\u0442\u0430\u043d\u0442\u0438\u043d \u0418\u0440\u0435\u0447\u0435\u043a<\/strong> <br \/>\u041f\u043e\u0434\u043b\u0438\u0441\u0442\u043d\u0438\u043a\u044a \u0411\u042a\u041b\u0413\u0410\u0420\u0421\u041a\u041e\u0422\u041e \u041a\u041d\u042f\u0416\u0415\u0421\u0422\u0412\u041e\u00a0<\/a><\/p>\n<h4>ART<\/h4>\n<p><a href=\"https:\/\/dialozi.uni-plovdiv.bg\/?p=6953\">120 \u0433\u043e\u0434\u0438\u043d\u0438 \u043e\u0442 \u0440\u043e\u0436\u0434\u0435\u043d\u0438\u0435\u0442\u043e \u0438 75 \u0433\u043e\u0434\u0438\u043d\u0438 \u043e\u0442 \u0441\u043c\u044a\u0440\u0442\u0442\u0430 \u043d\u0430 \u0416\u0443\u043b \u041f\u0430\u0441\u043a\u0438\u043d (1885-1930)\u00a0<\/a><br \/>(\u0416\u043e\u0440\u0436\u0435\u0442\u0430 \u0427\u043e\u043b\u0430\u043a\u043e\u0432\u0430)<\/p>\n<h4><a href=\"https:\/\/dialozi.uni-plovdiv.bg\/?p=6461\">\u041f\u0410\u041c\u0415\u0422<\/a><\/h4>\n<p><a href=\"https:\/\/dialozi.uni-plovdiv.bg\/?p=6968\">100 \u0433\u043e\u0434\u0438\u043d\u0438 \u043e\u0442 \u0440\u043e\u0436\u0434\u0435\u043d\u0438\u0435\u0442\u043e \u043d\u0430 \u0431\u0435\u043b\u0430\u0440\u0443\u0441\u043a\u0438\u044f \u043f\u0438\u0441\u0430\u0442\u0435\u043b \u042f\u043d \u0421\u043a\u0440\u0438\u0433\u0430\u043d (1905 \u2013 1992)<\/a><br \/>(\u0420\u043e\u0437\u0430 \u0421\u0442\u0430\u043d\u043a\u0435\u0432\u0438\u0447)\u00a0<\/p>\n<p><a href=\"https:\/\/dialozi.uni-plovdiv.bg\/?p=6971\">50 \u0433\u043e\u0434\u0438\u043d\u0438 \u043e\u0442 \u0440\u043e\u0436\u0434\u0435\u043d\u0438\u0435\u0442\u043e \u043d\u0430 \u0414\u043e\u0431\u0440\u043e\u043c\u0438\u0440 \u0422\u043e\u043d\u0435\u0432 (1955 \u2013 2001)\u00a0<\/a><br \/>\u0429\u0435\u0448\u0435 \u0434\u0430 \u0431\u044a\u0434\u0435 \u043d\u0430 50 (\u0412 \u043f\u0430\u043c\u0435\u0442 \u043d\u0430 \u0414\u043e\u0431\u0440\u0438) <br \/>(\u0417\u0434\u0440\u0430\u0432\u043a\u043e \u041f\u043e\u043f\u043e\u0432)\u00a0<\/p>\n<h4>\u041d\u041e\u0412\u0418 \u041f\u0420\u0415\u0412\u041e\u0414\u0418<\/h4>\n<p><a href=\"https:\/\/dialozi.uni-plovdiv.bg\/?p=6974\"><strong>\u0414\u0440\u0430\u0433\u043e\u0441\u043b\u0430\u0432 \u041c\u0438\u0445\u0430\u0439\u043b\u043e\u0432\u0438\u0447<\/strong> <em><br \/><\/em>\u041a\u043e\u043b\u043e\u043d\u0438\u0430\u043b\u043d\u0430 \u0421\u044a\u0440\u0431\u0438\u044f (\u0435\u0441\u0435)<\/a><br \/>\u041f\u0440\u0435\u0432\u043e\u0434 \u043e\u0442 \u0441\u0440\u044a\u0431\u0441\u043a\u0438: \u0416\u0435\u043b\u0430 \u0413\u0435\u043e\u0440\u0433\u0438\u0435\u0432\u0430\u00a0<\/p>\n<p><a href=\"https:\/\/dialozi.uni-plovdiv.bg\/?p=6978\"><strong>\u041c\u0438\u0445\u0430\u0439\u043b\u043e \u041f\u0430\u043d\u0442\u0438\u0447<\/strong><br \/>Zulu warriors (\u0440\u0430\u0437\u043a\u0430\u0437)<\/a><br \/>\u041f\u0440\u0435\u0432\u043e\u0434 \u043e\u0442 \u0441\u0440\u044a\u0431\u0441\u043a\u0438: \u0420\u0443\u0441\u0430\u043d\u043a\u0430 \u041b\u044f\u043f\u043e\u0432\u0430\u00a0<\/p>\n<p><a href=\"https:\/\/dialozi.uni-plovdiv.bg\/?p=6982\"><strong>\u0410\u0440\u0441\u0435\u043d\u0438\u0439 \u0422\u0430\u0440\u043a\u043e\u0432\u0441\u043a\u0438 <\/strong><br \/>\u041d\u0435\u0449\u0430\u0442\u0430 (\u0441\u0442\u0438\u0445\u043e\u0442\u0432\u043e\u0440\u0435\u043d\u0438\u0435)<\/a><br \/>\u041f\u0440\u0435\u0432\u043e\u0434 \u043e\u0442 \u0440\u0443\u0441\u043a\u0438: \u041d\u0430\u0442\u0430\u043b\u0438\u044f \u0425\u0440\u0438\u0441\u0442\u043e\u0432\u0430\u00a0<\/p>\n<p><a href=\"https:\/\/dialozi.uni-plovdiv.bg\/?p=6985\"><strong>\u0412\u0438\u0434\u0430 \u041c\u043e\u043a\u0440\u0438\u043d-\u041f\u0430\u0443\u0435\u0440 <\/strong><em><br \/><\/em>\u0425\u0430\u0439\u043a\u0443. \u041b\u0435\u0442\u0435\u043d \u0448\u0430\u0441\u043e\u043d. \u041a\u0430\u0440\u0442\u0438\u043d\u0430. \u041f\u0440\u0438\u043c\u0430\u043c\u0432\u0430\u043c \u044f \u043e\u0442 \u043f\u0435\u0441\u0442\u0438\u043a\u0430 (\u0441\u0442\u0438\u0445\u043e\u0442\u0432\u043e\u0440\u0435\u043d\u0438\u044f)<\/a><br \/>\u041f\u0440\u0435\u0434\u043e\u0432 \u043e\u0442 \u0441\u043b\u043e\u0432\u0435\u043d\u0441\u043a\u0438: \u0415\u043b\u0435\u043d\u0430 \u0422\u043e\u043c\u043e\u0432\u0430\u00a0<\/p>\n<p><a href=\"https:\/\/dialozi.uni-plovdiv.bg\/?p=6989\"><strong>\u0410\u043d\u0434\u0436\u0435\u0439 \u041f\u0430\u0441\u0442\u0443\u0448\u0435\u043a<\/strong> <\/a><br \/><a href=\"https:\/\/dialozi.uni-plovdiv.bg\/?p=6989\">\u0421\u043b\u0435\u043f\u0438\u044f\u0442 \u041a\u0430\u0440\u043e\u043b (\u0440\u0430\u0437\u043a\u0430\u0437)<\/a><br \/>\u041f\u0440\u0435\u0432\u043e\u0434 \u043e\u0442 \u043f\u043e\u043b\u0441\u043a\u0438: \u041c\u0430\u0440\u0438\u044f \u0413\u0435\u043e\u0440\u0433\u0438\u0435\u0432\u0430\u00a0<\/p>\n<p><a href=\"https:\/\/dialozi.uni-plovdiv.bg\/?p=6994\"><strong>\u0419\u043e\u043b\u0430\u043d\u0442\u0430 \u0411\u0440\u0430\u0445-\u0427\u0430\u0438\u043d\u0430<\/strong> <\/a><br \/><a href=\"https:\/\/dialozi.uni-plovdiv.bg\/?p=6994\">\u0414\u0438\u0448\u0430\u043d\u0435\u0442\u043e (\u0435\u0441\u0435)<\/a> <br \/>\u041f\u0440\u0435\u0432\u043e\u0434 \u043e\u0442 \u043f\u043e\u043b\u0441\u043a\u0438: \u041c\u0430\u0440\u0438\u044f \u0413\u0435\u043e\u0440\u0433\u0438\u0435\u0432\u0430\u00a0<\/p>\n<h4>\u041b\u0415\u041a\u0421\u0418\u041a\u041e\u041d<\/h4>\n<p><a href=\"https:\/\/dialozi.uni-plovdiv.bg\/?p=7002\"><strong>\u0418\u0432\u0430\u043d \u0412\u044a\u043b\u0435\u0432<\/strong><br \/>\u041b\u0438\u0447\u0435\u043d \u043b\u0435\u043a\u0441\u0438\u043a\u043e\u043d \u043d\u0430 \u043f\u043e\u043b\u0441\u043a\u0430\u0442\u0430 \u043b\u0438\u0442\u0435\u0440\u0430\u0442\u0443\u0440\u0430<\/a> (\u043f\u0440\u043e\u0434\u044a\u043b\u0436\u0435\u043d\u0438\u0435)<\/p>\n<h4>\u0415\u0417\u0418\u041a\u041e\u0417\u041d\u0410\u041d\u0418\u0415<\/h4>\n<p><a href=\"https:\/\/dialozi.uni-plovdiv.bg\/?p=7006\"><strong>\u0410\u043b\u043b\u0430 \u041f\u0435\u0435\u0442\u0435\u0440\u0441-\u041f\u043e\u0434\u0433\u0430\u0435\u0432\u0441\u043a\u0430\u044f (\u0410\u043c\u0441\u0442\u0435\u0440\u0434\u0430\u043c)<\/strong><\/a><br \/>\u041a\u044a\u043c \u0432\u044a\u043f\u0440\u043e\u0441\u0430 \u0437\u0430 \u043a\u043e\u043b\u0435\u0431\u0430\u043d\u0438\u044f\u0442\u0430 \u043f\u0440\u0438 \u043a\u043e\u043d\u0446\u0435\u043f\u0442\u0443\u0430\u043b\u0438\u0437\u0430\u0446\u0438\u044f\u0442\u0430 \u043d\u0430 \u043d\u044f\u043a\u043e\u0438 \u043b\u043e\u043a\u0430\u043b\u043d\u0438 \u043e\u0431\u0435\u043a\u0442\u0438 \u0432 \u0440\u0443\u0430\u043a\u043e\u0435\u0437\u0438\u0447\u043d\u0438\u044f \u0430\u0440\u0435\u0430\u043b \u0438 \u043e\u0442\u0440\u0430\u0436\u0435\u043d\u0438\u0435\u0442\u043e \u0438\u043c \u0432 \u043f\u0438\u0441\u043c\u0435\u043d\u0438\u0442\u0435 \u043f\u0430\u043c\u0435\u0442\u043d\u0438\u0446\u0438 (\u0432\u044a\u0440\u0445\u0443 \u043c\u0430\u0442\u0435\u0440\u0438\u0430\u043b \u043e\u0442 XIII \u2013 XV \u0432.)<br \/>\u041f\u0440\u0435\u0432\u043e\u0434 \u043e\u0442 \u0440\u0443\u0441\u043a\u0438: \u0422\u0430\u043d\u044f \u041b\u0430\u043c\u0431\u0440\u0435\u0432\u0430<\/p>\n<p><a href=\"https:\/\/dialozi.uni-plovdiv.bg\/?p=7012\"><strong>\u0421\u043b\u0430\u0432\u043a\u0430 \u0412\u0435\u043b\u0438\u0447\u043a\u043e\u0432\u0430 (\u041f\u043b\u043e\u0432\u0434\u0438\u0432)<\/strong><\/a> <br \/>\u0418\u0437 \u044e\u0436\u043d\u043e\u0441\u043b\u0430\u0432\u044f\u043d\u0441\u043a\u0430\u0442\u0430 \u043a\u043d\u0438\u0436\u043e\u0432\u043d\u043e\u0435\u0437\u0438\u043a\u043e\u0432\u0430 \u043f\u0440\u043e\u0431\u043b\u0435\u043c\u0430\u0442\u0438\u043a\u0430\u00a0<\/p>\n<p><a href=\"https:\/\/dialozi.uni-plovdiv.bg\/?p=7019\"><strong>\u0419\u0435\u043b\u0438\u0446\u0430 \u0421\u0442\u043e\u044f\u043d\u043e\u0432\u0438\u0447 (\u041d\u0438\u043a\u0448\u0438\u0447)<\/strong><\/a> <br \/>\u0417\u0430 \u0430\u043a\u0442\u0443\u0430\u043b\u043d\u0438\u0442\u0435 \u0441\u044a\u0431\u0438\u0442\u0438\u044f, \u0441\u0432\u044a\u0440\u0437\u0430\u043d\u0438 \u0441 \u0435\u0437\u0438\u043a\u0430 \u0432 \u0427\u0435\u0440\u043d\u0430 \u0433\u043e\u0440\u0430<br \/>\u041f\u0440\u0435\u0432\u043e\u0434 \u043e\u0442 \u0441\u0440\u044a\u0431\u0441\u043a\u0438: \u0421\u0442\u0435\u0444\u0430\u043d \u041a\u043e\u0436\u0443\u0445\u0430\u0440\u043e\u0432<\/p>\n<p><a href=\"https:\/\/dialozi.uni-plovdiv.bg\/?p=7028\"><strong>\u0410\u043d\u0433\u0435\u043b \u041c\u0430\u0440\u0438\u043d\u043e\u0432 (\u041f\u043b\u043e\u0432\u0434\u0438\u0432)<\/strong><\/a><br \/>\u041f\u043e\u0445\u0432\u0430\u0442\u0438 \u043f\u0440\u0438 \u043e\u0444\u043e\u0440\u043c\u044f\u043d\u0435 \u043d\u0430 \u0441\u0443\u0431\u0442\u0438\u0442\u0440\u0438\u0440\u0430\u043d\u0438\u044f \u0442\u0435\u043a\u0441\u0442 (\u043d\u0430\u0431\u043b\u044e\u0434\u0435\u043d\u0438\u0435 \u043f\u0440\u0438 \u043f\u0440\u0435\u0432\u043e\u0434\u0430 \u043d\u0430 \u0447\u0435\u0448\u043a\u0438 \u0438\u0433\u0440\u0430\u043b\u043d\u0438 \u0444\u0438\u043b\u043c\u0438)<\/p>\n<h4>\u041b\u0418\u0422\u0415\u0420\u0410\u0422\u0423\u0420\u041e\u0417\u041d\u0410\u041d\u0418\u0415<\/h4>\n<p><a href=\"https:\/\/dialozi.uni-plovdiv.bg\/?p=7032\"><strong>\u041b\u044e\u0434\u043c\u0438\u043b\u0430 \u041c\u0438\u043d\u0434\u043e\u0432\u0430 (\u0421\u043e\u0444\u0438\u044f) <\/strong><em><br \/><\/em>\u0410\u0440\u0445\u0435\u043e\u043b\u043e\u0433\u0438\u044f \u043d\u0430 \u043d\u0440\u0430\u0432\u0438\u0442\u0435 \u0432 \u0445\u044a\u0440\u0432\u0430\u0442\u0441\u043a\u0438\u044f \u0431\u0430\u0440\u043e\u043a\u00a0<\/a><\/p>\n<p><a href=\"https:\/\/dialozi.uni-plovdiv.bg\/?p=7035\"><strong>\u041c\u0438\u0440\u043e\u0441\u043b\u0430\u0432 \u041a\u043e\u0443\u0431\u0430 (\u041f\u0440\u0430\u0433\u0430)<\/strong> <br \/>\u0425\u044a\u0440\u0432\u0430\u0442\u0441\u043a\u0438 \u0434\u0438\u0430\u043b\u043e\u0437\u0438 \u043f\u0440\u0435\u0434 \u042e\u0436\u043d\u043e\u0441\u043b\u0430\u0432\u044f\u043d\u0441\u043a\u043e\u0442\u043e \u0432\u044a\u0437\u0440\u0430\u0436\u0434\u0430\u043d\u0435 (\u0425\u044a\u0440\u0432\u0430\u0442\u0438\u044f \u043f\u0440\u0435\u0437 \u043e\u0447\u0438\u0442\u0435 \u043d\u0430 \u0420\u0430\u0439\u043a\u043e \u0416\u0438\u043d\u0437\u0438\u0444\u043e\u0432)<\/a><br \/>\u041f\u0440\u0435\u0432\u043e\u0434 \u043e\u0442 \u0447\u0435\u0448\u043a\u0438: \u0420\u0430\u043b\u0438\u0446\u0430 \u0421\u0442\u0430\u0439\u043a\u043e\u0432\u0430\u00a0<\/p>\n<p><a href=\"https:\/\/dialozi.uni-plovdiv.bg\/?p=7038\"><strong>\u041c\u0438\u0448\u0435\u043b \u041f\u0430\u0432\u043b\u043e\u0432\u0441\u043a\u0438 (\u0421\u043a\u043e\u043f\u0438\u0435)<\/strong> <br \/>\u041f\u044a\u0442\u044f\u0442 \u0434\u043e \u0431\u0438\u043e\u043c\u0435\u0445\u0430\u043d\u0438\u043a\u0430\u0442\u0430<\/a><br \/>\u041f\u0440\u0435\u0432\u043e\u0434 \u043e\u0442 \u043c\u0430\u043a\u0435\u0434\u043e\u043d\u0441\u043a\u0438: \u0415\u0432\u0435\u043b\u0438\u043d\u0430 \u0413\u0440\u043e\u0437\u0434\u0430\u043d\u043e\u0432\u0430\u00a0<\/p>\n<p><a href=\"https:\/\/dialozi.uni-plovdiv.bg\/?p=7041\"><strong>\u0422\u0430\u043d\u044f \u0410\u0442\u0430\u043d\u0430\u0441\u043e\u0432\u0430 (\u041f\u043b\u043e\u0432\u0434\u0438\u0432)<\/strong> <br \/>\u041f\u0440\u0435\u043f\u0430\u0440\u0438\u0440\u0430\u043d\u0435 \u043d\u0430 \u0447\u0430\u0439\u043a\u0438\u00a0<\/a><\/p>\n<h4>\u0421\u041b\u0410\u0412\u0418\u0421\u0422\u0418\u041a\u0410\u0422\u0410 \u041f\u041e \u0421\u0412\u0415\u0422\u0410<\/h4>\n<p><a href=\"https:\/\/dialozi.uni-plovdiv.bg\/?p=7045\"><strong>\u0423\u0432\u0435 \u0411\u044e\u0442\u043d\u0435\u0440 (\u041b\u0430\u0439\u043f\u0446\u0438\u0433) <\/strong><em><br \/><\/em>\u0411\u044a\u043b\u0433\u0430\u0440\u0438\u0441\u0442\u0438\u043a\u0430\u0442\u0430 \u0432 \u041b\u0430\u0439\u043f\u0446\u0438\u0433\u0441\u043a\u0438\u044f \u0443\u043d\u0438\u0432\u0435\u0440\u0441\u0438\u0442\u0435\u0442\u00a0<\/a><\/p>\n<h4>\u0415\u0422\u0410\u0416\u0415\u0420\u041a\u0410<\/h4>\n<p><a href=\"https:\/\/dialozi.uni-plovdiv.bg\/?p=7048\"><strong>\u041d. \u0418. \u0424\u043e\u0440\u043c\u0430\u043d\u043e\u0432\u0441\u043a\u0430\u044f. <\/strong><em>\u0420\u0435\u0447\u0435\u0432\u043e\u0435 \u043e\u0431\u0449\u0435\u043d\u0438\u0435: \u043a\u043e\u043c\u043c\u0443\u043d\u0438\u043a\u0430\u0442\u0438\u0432\u043d\u043e-\u043f\u0440\u0430\u0433\u043c\u0430\u0442\u0438\u0447\u0435\u0441\u043a\u0438\u0439 \u043f\u043e\u0434\u0445\u043e\u0434<\/em><\/a> <br \/>(\u0422\u0430\u0434\u0435\u0443\u0448 \u041f\u0430\u0445\u043e\u043b\u0447\u0438\u043a)<br \/>\u041f\u0440\u0435\u0432\u043e\u0434 \u043e\u0442 \u0440\u0443\u0441\u043a\u0438: \u042e\u043b\u0438\u0430\u043d\u0430 \u0427\u0430\u043a\u044a\u0440\u043e\u0432\u0430-\u0411\u0443\u0440\u043b\u0430\u043a\u043e\u0432\u0430\u00a0<\/p>\n<p><a href=\"https:\/\/dialozi.uni-plovdiv.bg\/?p=7053\"><strong>Ji\u0159\u00ed Marvan.<\/strong> <em>Br\u00e1na jazykem otv\u00edran\u00e1 aneb o \u010de\u0161tin\u011b sv\u011btov\u011b<\/em><\/a> <br \/>(\u0410\u043d\u0433\u0435\u043b \u041c\u0430\u0440\u0438\u043d\u043e\u0432)\u00a0<\/p>\n<p><a href=\"https:\/\/dialozi.uni-plovdiv.bg\/?p=7057\"><strong>\u041b\u044e\u0434\u043c\u0438\u043b \u0414\u0438\u043c\u0438\u0442\u0440\u043e\u0432.<\/strong> <em>\u201e\u0427\u0435\u0442\u0432\u0435\u0440\u043e\u0435\u0432\u0430\u043d\u0433\u0435\u043b\u0438\u0435\u201c \u043e\u0442 \u041f\u0443\u0448\u043a\u0438\u043d. \u041e\u043f\u0438\u0442 \u0437\u0430 \u0438\u0437\u0443\u0447\u0435\u043d\u0438\u0435 \u043d\u0430 \u0434\u0440\u0430\u043c\u0430\u0442\u0443\u0440\u0433\u0438\u0447\u043d\u0438\u044f \u0446\u0438\u043a\u044a\u043b \u201e\u041c\u0430\u043b\u043a\u0438 \u0442\u0440\u0430\u0433\u0435\u0434\u0438\u0438\u201c<\/em><\/a> <br \/>(\u0414\u0438\u043c\u0438\u0442\u044a\u0440 \u041c. \u041c\u0438\u0445\u0430\u0439\u043b\u043e\u0432)\u00a0<\/p>\n<p><a href=\"https:\/\/dialozi.uni-plovdiv.bg\/?p=7061\"><strong>\u041c\u0430\u0433\u0434\u0430 \u041a\u0430\u0440\u0430\u0431\u0435\u043b\u043e\u0432\u0430.<\/strong> <em>\u0417\u0430\u043f\u0438\u0441\u0438 \u0438\u0437 \u0431\u044a\u043b\u0433\u0430\u0440\u0441\u043a\u0438\u044f \u043f\u044a\u0442 (\u043e\u043f\u0438\u0442 \u0437\u0430 \u043a\u0443\u043b\u0442\u0443\u0440\u043e\u043b\u043e\u0433\u0438\u0447\u043d\u043e \u0438 \u0441\u043e\u0446\u0438\u0430\u043b\u043d\u043e-\u043f\u0441\u0438\u0445\u043e\u043b\u043e\u0433\u0438\u0447\u0435\u0441\u043a\u043e \u043c\u043e\u0434\u0435\u043b\u0438\u0440\u0430\u043d\u0435 \u043d\u0430 \u0445\u0443\u0434\u043e\u0436\u0435\u0441\u0442\u0432\u0435\u043d\u043e\u0442\u043e \u0441\u044a\u0437\u043d\u0430\u043d\u0438\u0435)<\/em><\/a> <br \/>(\u0413\u0435\u0440\u0433\u0438\u043d\u0430 \u041a\u0440\u044a\u0441\u0442\u0435\u0432\u0430)\u00a0<\/p>\n<p><a href=\"https:\/\/dialozi.uni-plovdiv.bg\/?p=7065\"><strong>\u0412\u0438\u0434\u0430 \u041c\u043e\u043a\u0440\u0438\u043d-\u041f\u0430\u0443\u0435\u0440<\/strong>. <em>\u041f\u043e\u0435\u0437\u0438\u044f<\/em><\/a> <br \/>(\u041c\u0430\u0440\u0438\u0430\u043d\u0430 \u0422\u043e\u0434\u043e\u0440\u043e\u0432\u0430)\u00a0<\/p>\n<p><a href=\"https:\/\/dialozi.uni-plovdiv.bg\/?p=7070\"><strong>\u041f\u043e\u0437\u043d\u0430\u043d\u0441\u043a\u0430 \u0441\u043b\u0430\u0432\u0438\u0441\u0442\u0438\u043a\u0430<\/strong><\/a><br \/>(\u0414\u0438\u0430\u043d\u0430 \u0418\u0432\u0430\u043d\u043e\u0432\u0430)\u00a0<\/p>\n<p><a href=\"https:\/\/dialozi.uni-plovdiv.bg\/?p=7074\"><strong>\u0412\u0435\u043b\u0438\u043a\u043e\u0442\u044a\u0440\u043d\u043e\u0432\u0441\u043a\u0430 \u0441\u043b\u0430\u0432\u0438\u0441\u0442\u0438\u043a\u0430<\/strong><\/a> <br \/>(\u0414\u0438\u0430\u043d\u0430 \u0418\u0432\u0430\u043d\u043e\u0432\u0430)\u00a0<\/p>\n<p><a href=\"https:\/\/dialozi.uni-plovdiv.bg\/?p=7079\"><em><strong>Narodili jsme se jako draci.<\/strong><\/em><strong> Antologie bulharsk\u00e9 modern\u00ed pov\u00eddky<\/strong><\/a><br \/>(\u041d\u0430\u0434\u0435\u0436\u0434\u0430 \u041c\u0438\u0445\u0430\u0439\u043b\u043e\u0432\u0430-\u0421\u0442\u0430\u043b\u044f\u043d\u043e\u0432\u0430)\u00a0<\/p>\n<h4>\u0425\u0420\u041e\u041d\u0418\u041a\u0410<\/h4>\n<p><a href=\"https:\/\/dialozi.uni-plovdiv.bg\/?p=7087\">XXXV \u043c\u0435\u0436\u0434\u0443\u043d\u0430\u0440\u043e\u0434\u043d\u0430 \u043d\u0430\u0443\u0447\u043d\u0430 \u0441\u0440\u0435\u0449\u0430 \u043d\u0430 \u0441\u043b\u0430\u0432\u0438\u0441\u0442\u0438\u0442\u0435 \u0432 \u0414\u043d\u0438\u0442\u0435 \u043d\u0430 \u0412\u0443\u043a<\/a><br \/>(\u0421\u043b\u0430\u0432\u043a\u0430 \u0412\u0435\u043b\u0438\u0447\u043a\u043e\u0432\u0430)\u00a0<\/p>\n<p><a href=\"https:\/\/dialozi.uni-plovdiv.bg\/?p=7092\">\u0421\u0438\u043c\u0431\u0438\u043e\u0442\u0438\u0447\u043d\u0430 \u043c\u0430\u0433\u0438\u044f (\u0438\u0437\u043b\u043e\u0436\u0431\u0430\u0442\u0430 \u043d\u0430 \u0412\u0430\u043d\u0434\u0430 \u041c\u0438\u0445\u0430\u043b\u0430\u043a)<\/a> <br \/>(\u0414\u0438\u043c\u0438\u0442\u0440\u0438\u043d\u0430 \u041a\u043e\u0441\u0442\u0430\u0434\u0438\u043d\u043e\u0432\u0430-\u0425\u0430\u043c\u0437\u0435)\u00a0<\/p>\n<p><a href=\"https:\/\/dialozi.uni-plovdiv.bg\/?p=7095\">\u042f\u043d \u0415\u043d\u0433\u043b\u0435\u0440\u0442 \u2013 \u0433\u043e\u0441\u0442 \u043d\u0430 \u043f\u043b\u043e\u0432\u0434\u0438\u0432\u0441\u043a\u0430\u0442\u0430 \u0441\u043b\u0430\u0432\u0438\u0441\u0442\u0438\u043a\u0430<\/a> <br \/>(\u0410\u043b\u0435\u043a\u0441\u0430\u043d\u0434\u0440\u0430 \u041c\u0438\u0445\u0430\u043b\u0441\u043a\u0430, \u041a\u0440\u0443\u043c \u041a\u0440\u0443\u043c\u043e\u0432)<\/p>\n<h4>IN MEMORIAM<\/h4>\n<p><a href=\"https:\/\/dialozi.uni-plovdiv.bg\/?p=7083\">\u0418\u0437\u0431\u043e\u0440\u044a\u0442 \u043d\u0430 \u043b\u0438\u0442\u0435\u0440\u0430\u0442\u0443\u0440\u043d\u0438\u044f \u0438\u0441\u0442\u043e\u0440\u0438\u043a, \u0438\u043b\u0438 \u043a\u0430\u043a\u0432\u043e \u043e\u0441\u0442\u0430\u0432\u0430 \u0441\u043b\u0435\u0434 \u043f\u0440\u043e\u0444\u0435\u0441\u043e\u0440 \u0418\u0432\u0430\u043d \u041f\u0430\u0432\u043b\u043e\u0432\u00a0<\/a><br \/>(\u0414\u043e\u0431\u0440\u043e\u043c\u0438\u0440 \u0413\u0440\u0438\u0433\u043e\u0440\u043e\u0432)\u00a0<\/p>\n<h4>\u0410\u0412\u0422\u041e\u0420\u0418, \u041f\u0420\u0415\u0412\u041e\u0414\u0410\u0427\u0418, \u0420\u0415\u0414\u0410\u041a\u0422\u041e\u0420\u0418<\/h4>\n<h4><\/p>","protected":false},"excerpt":{"rendered":"\u0418\u0417\u0412\u041e\u0420\u0418 190 \u0433\u043e\u0434\u0438\u043d\u0438 \u043e\u0442 \u0440\u043e\u0436\u0434\u0435\u043d\u0438\u0435\u0442\u043e \u0438 100 \u0433\u043e\u0434\u0438\u043d\u0438 \u043e\u0442 \u0441\u043c\u044a\u0440\u0442\u0442\u0430 \u043d\u0430 \u0419\u043e\u0441\u0438\u043f \u042e\u0440\u0430\u0439 \u0429\u0440\u043e\u0441\u043c\u0430\u0439\u0435\u0440 (1815 \u2013 1905) (\u0422\u0435\u043d\u0447\u043e \u0414\u0435\u0440\u0435\u043a\u044e\u0432\u043b\u0438\u0435\u0432)\u00a0 \u0414\u041e\u041a\u0423\u041c\u0415\u041d\u0422\u0418 \u041a\u043e\u043d\u0441\u0442\u0430\u043d\u0442\u0438\u043d \u0418\u0440\u0435\u0447\u0435\u043a \u0438 \u041f\u043b\u043e\u0432\u0434\u0438\u0432 (\u041f\u0435\u0442\u043a\u043e \u0417. \u041f\u0435\u0442\u043a\u043e\u0432)\u00a0 \u0414-\u0440 \u041a\u043e\u043d\u0441\u0442\u0430\u043d\u0442\u0438\u043d \u0418\u0440\u0435\u0447\u0435\u043a \u041f\u043e\u0434\u043b\u0438\u0441\u0442\u043d\u0438\u043a\u044a \u0411\u042a\u041b\u0413\u0410\u0420\u0421\u041a\u041e\u0422\u041e \u041a\u041d\u042f\u0416\u0415\u0421\u0422\u0412\u041e\u00a0 ART 120 \u0433\u043e\u0434\u0438\u043d\u0438 \u043e\u0442 \u0440\u043e\u0436\u0434\u0435\u043d\u0438\u0435\u0442\u043e \u0438 75 \u0433\u043e\u0434\u0438\u043d\u0438 \u043e\u0442 \u0441\u043c\u044a\u0440\u0442\u0442\u0430 \u043d\u0430 \u0416\u0443\u043b \u041f\u0430\u0441\u043a\u0438\u043d (1885-1930)\u00a0(\u0416\u043e\u0440\u0436\u0435\u0442\u0430 \u0427\u043e\u043b\u0430\u043a\u043e\u0432\u0430) \u041f\u0410\u041c\u0415\u0422 100 \u0433\u043e\u0434\u0438\u043d\u0438 \u043e\u0442 \u0440\u043e\u0436\u0434\u0435\u043d\u0438\u0435\u0442\u043e \u043d\u0430 \u0431\u0435\u043b\u0430\u0440\u0443\u0441\u043a\u0438\u044f [&hellip;]","protected":false},"author":6,"featured_media":0,"parent":27,"menu_order":4,"comment_status":"closed","ping_status":"closed","template":"","meta":{"_acf_changed":false,"footnotes":""},"class_list":["post-467","page","type-page","status-publish","hentry"],"acf":[],"_links":{"self":[{"href":"https:\/\/dialozi.uni-plovdiv.bg\/index.php?rest_route=\/wp\/v2\/pages\/467","targetHints":{"allow":["GET"]}}],"collection":[{"href":"https:\/\/dialozi.uni-plovdiv.bg\/index.php?rest_route=\/wp\/v2\/pages"}],"about":[{"href":"https:\/\/dialozi.uni-plovdiv.bg\/index.php?rest_route=\/wp\/v2\/types\/page"}],"author":[{"embeddable":true,"href":"https:\/\/dialozi.uni-plovdiv.bg\/index.php?rest_route=\/wp\/v2\/users\/6"}],"replies":[{"embeddable":true,"href":"https:\/\/dialozi.uni-plovdiv.bg\/index.php?rest_route=%2Fwp%2Fv2%2Fcomments&post=467"}],"version-history":[{"count":60,"href":"https:\/\/dialozi.uni-plovdiv.bg\/index.php?rest_route=\/wp\/v2\/pages\/467\/revisions"}],"predecessor-version":[{"id":8624,"href":"https:\/\/dialozi.uni-plovdiv.bg\/index.php?rest_route=\/wp\/v2\/pages\/467\/revisions\/8624"}],"up":[{"embeddable":true,"href":"https:\/\/dialozi.uni-plovdiv.bg\/index.php?rest_route=\/wp\/v2\/pages\/27"}],"wp:attachment":[{"href":"https:\/\/dialozi.uni-plovdiv.bg\/index.php?rest_route=%2Fwp%2Fv2%2Fmedia&parent=467"}],"curies":[{"name":"wp","href":"https:\/\/api.w.org\/{rel}","templated":true}]}}