{"id":4809,"date":"2021-03-04T16:20:26","date_gmt":"2021-03-04T14:20:26","guid":{"rendered":"https:\/\/dialozi.uni-plovdiv.bg\/?page_id=4809"},"modified":"2021-03-11T21:16:00","modified_gmt":"2021-03-11T19:16:00","slug":"%d0%b7%d0%b4%d0%b5%d0%bd%d0%b5%d0%ba-%d1%81%d0%bc%d0%be%d0%bb%d0%ba%d0%b0","status":"publish","type":"page","link":"https:\/\/dialozi.uni-plovdiv.bg\/?page_id=4809","title":{"rendered":"\u0417\u0434\u0435\u043d\u0435\u043a \u0421\u043c\u043e\u043b\u043a\u0430"},"content":{"rendered":"\u0413\u043b. \u0430\u0441. \u0434-\u0440 \u0417\u0434\u0435\u043d\u0435\u043a \u0421\u043c\u043e\u043b\u043a\u0430 (Zden\u011bk Smolka, Zdenek.Smolka@osu.cz)\n\u0440\u0430\u0431\u043e\u0442\u0438 \u0432 \u041a\u0430\u0442\u0435\u0434\u0440\u0430\u0442\u0430 \u043f\u043e \u0447\u0435\u0448\u043a\u0430 \u043b\u0438\u0442\u0435\u0440\u0430\u0442\u0443\u0440\u0430 \u0438 \u043b\u0438\u0442\u0435\u0440\u0430\u0442\u0443\u0440\u043e\u0437\u043d\u0430\u043d\u0438\u0435 \u043a\u044a\u043c \u0424\u0438\u043b\u043e\u0441\u043e\u0444\u0441\u043a\u0438\u044f \u0444\u0430\u043a\u0443\u043b\u0442\u0435\u0442 \u043d\u0430 \u041e\u0441\u0442\u0440\u0430\u0432\u0441\u043a\u0438\u044f \u0443\u043d\u0438\u0432\u0435\u0440\u0441\u0438\u0442\u0435\u0442 \u0438 \u0432 \u0418\u043d\u0441\u0442\u0438\u0442\u0443\u0442\u0430 \u043f\u043e \u0440\u0435\u0433\u0438\u043e\u043d\u0430\u043b\u043d\u0438 \u0438\u0437\u0441\u043b\u0435\u0434\u0432\u0430\u043d\u0438\u044f \u043d\u0430 \u0424\u0438\u043b\u043e\u0441\u043e\u0444\u0441\u043a\u0438\u044f \u0444\u0430\u043a\u0443\u043b\u0442\u0435\u0442 \u043d\u0430 \u041e\u0441\u0442\u0440\u0430\u0432\u0441\u043a\u0438\u044f \u0443\u043d\u0438\u0432\u0435\u0440\u0441\u0438\u0442\u0435\u0442 \u043a\u0430\u0442\u043e \u0437\u0430\u043c\u0435\u0441\u0442\u043d\u0438\u043a-\u0434\u0438\u0440\u0435\u043a\u0442\u043e\u0440. \u041f\u0440\u043e\u0444\u0435\u0441\u0438\u043e\u043d\u0430\u043b\u043d\u0438\u0442\u0435 \u043c\u0443 \u0438\u043d\u0442\u0435\u0440\u0435\u0441\u0438 \u0441\u0430 \u0441\u044a\u0441\u0440\u0435\u0434\u043e\u0442\u043e\u0447\u0435\u043d\u0438 \u0432\u044a\u0440\u0445\u0443 \u0440\u0435\u0433\u0438\u043e\u043d\u0430\u043b\u043d\u0430\u0442\u0430 \u043a\u0443\u043b\u0442\u0443\u0440\u0430 \u0438 \u043b\u0438\u0442\u0435\u0440\u0430\u0442\u0443\u0440\u0430, \u043e\u0441\u043e\u0431\u0435\u043d\u043e \u043d\u0430 \u0427\u0435\u0448\u043a\u0430 \u0421\u0438\u043b\u0435\u0437\u0438\u044f. \u0410\u0432\u0442\u043e\u0440 \u0435 \u043d\u0430 \u043c\u043e\u043d\u043e\u0433\u0440\u0430\u0444\u0438\u044f \u0437\u0430 \u043f\u043e\u0435\u0442\u0430 \u041f\u0435\u0442\u044a\u0440 \u0411\u0435\u0437\u0440\u0443\u0447 (\u041f\u043e\u0435\u0442\u044a\u0442 \u043c\u0435\u0436\u0434\u0443 \u043b\u0435\u0433\u0435\u043d\u0434\u0438\u0442\u0435, \u043c\u0438\u0442\u0430 \u0438 \u0440\u0435\u0430\u043b\u043d\u043e\u0441\u0442\u0442\u0430. \u0421\u0442\u0440\u0430\u043d\u0438\u0446\u0438 \u043e\u0442 \u043b\u0438\u0442\u0435\u0440\u0430\u0442\u0443\u0440\u0430\u0442\u0430 \u0437\u0430 \u041f\u0435\u0442\u044a\u0440 \u0411\u0435\u0437\u0440\u0443\u0447 (B\u00e1sn\u00edk mezi legendami, m\u00fdtem a realitou. Kapitoly zliteratury o Petru Bezru\u010dovi, 2000). \u0421\u044a\u0441\u0442\u0430\u0432\u0438\u0442\u0435\u043b \u0435 \u043d\u0430 \u0432\u0442\u043e\u0440\u043e\u0442\u043e \u0438\u0437\u0434\u0430\u043d\u0438\u0435 \u043d\u0430 \u041a\u0443\u043b\u0442\u0443\u0440\u043d\u043e\u0438\u0441\u0442\u043e\u0440\u0447\u0435\u0441\u043a\u0430 \u0435\u043d\u0446\u0438\u043a\u043b\u043e\u043f\u0435\u0434\u0438\u044f \u043d\u0430 \u0421\u0438\u043b\u0435\u0437\u0438\u044f \u0438 \u0421\u0435\u0432\u0435\u0440\u043e\u0438\u0437\u0442\u043e\u0447\u043d\u0430 \u041c\u043e\u0440\u0430\u0432\u0438\u044f (Kulturn\u011bhistorick\u00e1 encyklopedie Slezska a severov\u00fdchodn\u00ed Moravy, 2013).\n<h3>\u0421\u0442\u0430\u0442\u0438\u0438<\/h3>\n<a href=\"https:\/\/dialozi.uni-plovdiv.bg\/?p=1475\">\u041f\u0435\u0442\u044a\u0440 \u0411\u0435\u0437\u0440\u0443\u0447 \u2013 \u043f\u043e\u0435\u0442, \u043e\u0431\u0433\u044a\u0440\u043d\u0430\u0442 \u043e\u0442 \u043c\u0438\u0442\u043e\u0432\u0435 | \u0421\u043b\u0430\u0432\u044f\u043d\u0441\u043a\u0438 \u0434\u0438\u0430\u043b\u043e\u0437\u0438 (uni-plovdiv.bg)<\/a>","protected":false},"excerpt":{"rendered":"\u0413\u043b. \u0430\u0441. \u0434-\u0440 \u0417\u0434\u0435\u043d\u0435\u043a \u0421\u043c\u043e\u043b\u043a\u0430 (Zden\u011bk Smolka, Zdenek.Smolka@osu.cz) \u0440\u0430\u0431\u043e\u0442\u0438 \u0432 \u041a\u0430\u0442\u0435\u0434\u0440\u0430\u0442\u0430 \u043f\u043e \u0447\u0435\u0448\u043a\u0430 \u043b\u0438\u0442\u0435\u0440\u0430\u0442\u0443\u0440\u0430 \u0438 \u043b\u0438\u0442\u0435\u0440\u0430\u0442\u0443\u0440\u043e\u0437\u043d\u0430\u043d\u0438\u0435 \u043a\u044a\u043c \u0424\u0438\u043b\u043e\u0441\u043e\u0444\u0441\u043a\u0438\u044f \u0444\u0430\u043a\u0443\u043b\u0442\u0435\u0442 \u043d\u0430 \u041e\u0441\u0442\u0440\u0430\u0432\u0441\u043a\u0438\u044f \u0443\u043d\u0438\u0432\u0435\u0440\u0441\u0438\u0442\u0435\u0442 \u0438 \u0432 \u0418\u043d\u0441\u0442\u0438\u0442\u0443\u0442\u0430 \u043f\u043e \u0440\u0435\u0433\u0438\u043e\u043d\u0430\u043b\u043d\u0438 \u0438\u0437\u0441\u043b\u0435\u0434\u0432\u0430\u043d\u0438\u044f \u043d\u0430 \u0424\u0438\u043b\u043e\u0441\u043e\u0444\u0441\u043a\u0438\u044f \u0444\u0430\u043a\u0443\u043b\u0442\u0435\u0442 \u043d\u0430 \u041e\u0441\u0442\u0440\u0430\u0432\u0441\u043a\u0438\u044f \u0443\u043d\u0438\u0432\u0435\u0440\u0441\u0438\u0442\u0435\u0442 \u043a\u0430\u0442\u043e \u0437\u0430\u043c\u0435\u0441\u0442\u043d\u0438\u043a-\u0434\u0438\u0440\u0435\u043a\u0442\u043e\u0440. \u041f\u0440\u043e\u0444\u0435\u0441\u0438\u043e\u043d\u0430\u043b\u043d\u0438\u0442\u0435 \u043c\u0443 \u0438\u043d\u0442\u0435\u0440\u0435\u0441\u0438 \u0441\u0430 \u0441\u044a\u0441\u0440\u0435\u0434\u043e\u0442\u043e\u0447\u0435\u043d\u0438 \u0432\u044a\u0440\u0445\u0443 \u0440\u0435\u0433\u0438\u043e\u043d\u0430\u043b\u043d\u0430\u0442\u0430 \u043a\u0443\u043b\u0442\u0443\u0440\u0430 \u0438 \u043b\u0438\u0442\u0435\u0440\u0430\u0442\u0443\u0440\u0430, \u043e\u0441\u043e\u0431\u0435\u043d\u043e \u043d\u0430 \u0427\u0435\u0448\u043a\u0430 \u0421\u0438\u043b\u0435\u0437\u0438\u044f. \u0410\u0432\u0442\u043e\u0440 \u0435 \u043d\u0430 \u043c\u043e\u043d\u043e\u0433\u0440\u0430\u0444\u0438\u044f \u0437\u0430 [&hellip;]","protected":false},"author":348,"featured_media":0,"parent":1597,"menu_order":0,"comment_status":"closed","ping_status":"closed","template":"","meta":{"_acf_changed":false,"footnotes":""},"class_list":["post-4809","page","type-page","status-publish","hentry"],"acf":[],"_links":{"self":[{"href":"https:\/\/dialozi.uni-plovdiv.bg\/index.php?rest_route=\/wp\/v2\/pages\/4809","targetHints":{"allow":["GET"]}}],"collection":[{"href":"https:\/\/dialozi.uni-plovdiv.bg\/index.php?rest_route=\/wp\/v2\/pages"}],"about":[{"href":"https:\/\/dialozi.uni-plovdiv.bg\/index.php?rest_route=\/wp\/v2\/types\/page"}],"author":[{"embeddable":true,"href":"https:\/\/dialozi.uni-plovdiv.bg\/index.php?rest_route=\/wp\/v2\/users\/348"}],"replies":[{"embeddable":true,"href":"https:\/\/dialozi.uni-plovdiv.bg\/index.php?rest_route=%2Fwp%2Fv2%2Fcomments&post=4809"}],"version-history":[{"count":3,"href":"https:\/\/dialozi.uni-plovdiv.bg\/index.php?rest_route=\/wp\/v2\/pages\/4809\/revisions"}],"predecessor-version":[{"id":5058,"href":"https:\/\/dialozi.uni-plovdiv.bg\/index.php?rest_route=\/wp\/v2\/pages\/4809\/revisions\/5058"}],"up":[{"embeddable":true,"href":"https:\/\/dialozi.uni-plovdiv.bg\/index.php?rest_route=\/wp\/v2\/pages\/1597"}],"wp:attachment":[{"href":"https:\/\/dialozi.uni-plovdiv.bg\/index.php?rest_route=%2Fwp%2Fv2%2Fmedia&parent=4809"}],"curies":[{"name":"wp","href":"https:\/\/api.w.org\/{rel}","templated":true}]}}