{"id":4819,"date":"2021-03-04T17:14:37","date_gmt":"2021-03-04T15:14:37","guid":{"rendered":"https:\/\/dialozi.uni-plovdiv.bg\/?page_id=4819"},"modified":"2023-10-11T21:46:19","modified_gmt":"2023-10-11T19:46:19","slug":"%d1%80%d0%be%d1%81%d0%b8%d0%bd%d0%b0-%d0%ba%d0%be%d0%ba%d1%83%d0%b4%d0%b5%d0%b2%d0%b0","status":"publish","type":"page","link":"https:\/\/dialozi.uni-plovdiv.bg\/?page_id=4819","title":{"rendered":"\u0420\u043e\u0441\u0438\u043d\u0430 \u041a\u043e\u043a\u0443\u0434\u0435\u0432\u0430"},"content":{"rendered":"<p>\u0414-\u0440 \u0420\u043e\u0441\u0438\u043d\u0430 \u041a\u041e\u041a\u0423\u0414\u0415\u0412\u0410 (rosina_bg@yahoo.com) \u0435 \u0437\u0430\u0432\u044a\u0440\u0448\u0438\u043b\u0430 \u0441\u043b\u0430\u0432\u044f\u043d\u0441\u043a\u0430 \u0444\u0438\u043b\u043e\u043b\u043e\u0433\u0438\u044f (\u0431\u043e\u0445\u0435\u043c\u0438\u0441\u0442\u0438\u043a\u0430) \u0432 \u041f\u043b\u043e\u0432\u0434\u0438\u0432\u0441\u043a\u0438\u044f \u0443\u043d\u0438\u0432\u0435\u0440\u0441\u0438\u0442\u0435\u0442 \u201e\u041f\u0430\u0438\u0441\u0438\u0439 \u0425\u0438\u043b\u0435\u043d\u0434\u0430\u0440\u0441\u043a\u0438\u201c. \u041c\u043d\u043e\u0433\u043e\u043a\u0440\u0430\u0442\u043d\u043e \u0435 \u0441\u043f\u0435\u0446\u0438\u0430\u043b\u0438\u0437\u0438\u0440\u0430\u043b\u0430 \u0432 \u041a\u0430\u0440\u043b\u043e\u0432\u0438\u044f \u0443\u043d\u0438\u0432\u0435\u0440\u0441\u0438\u0442\u0435\u0442 \u0432 \u041f\u0440\u0430\u0433\u0430. \u041f\u0440\u0435\u0437 2015 \u0433. \u0437\u0430\u0449\u0438\u0442\u0430\u0432\u0430 \u0434\u043e\u043a\u0442\u043e\u0440\u0430\u0442 \u0432 \u0421\u0423 \u201e\u0421\u0432. \u041a\u043b\u0438\u043c\u0435\u043d\u0442 \u041e\u0445\u0440\u0438\u0434\u0441\u043a\u0438\u201c, \u0447\u0438\u0439\u0442\u043e \u0440\u0435\u0437\u0443\u043b\u0442\u0430\u0442 \u0435 \u043c\u043e\u043d\u043e\u0433\u0440\u0430\u0444\u0438\u044f\u0442\u0430 <em>\u0411\u043e\u0436\u0435\u043d\u0430 \u041d\u0435\u043c\u0446\u043e\u0432\u0430 \u2013 \u0410\u043d\u0433\u0435\u043b \u041a\u0430\u0440\u0430\u043b\u0438\u0439\u0447\u0435\u0432. \u041e\u0431\u0449\u0438 \u0444\u043e\u043b\u043a\u043b\u043e\u0440\u043d\u0438 \u043c\u043e\u0434\u0435\u043b\u0438 \u0432 \u043f\u0440\u0438\u043a\u0430\u0437\u043d\u043e\u0442\u043e \u0442\u0432\u043e\u0440\u0447\u0435\u0441\u0442\u0432\u043e <\/em>(2018). \u0418\u043d\u0442\u0435\u0440\u0435\u0441\u0438\u0442\u0435 \u045d \u0441\u0430 \u0432 \u043e\u0431\u043b\u0430\u0441\u0442\u0442\u0430 \u043d\u0430 \u0431\u044a\u043b\u0433\u0430\u0440\u0441\u043a\u0430\u0442\u0430 \u0434\u0435\u0442\u0441\u043a\u0430 \u043b\u0438\u0442\u0435\u0440\u0430\u0442\u0443\u0440\u0430, \u0447\u0435\u0448\u043a\u0430\u0442\u0430 \u043b\u0438\u0442\u0435\u0440\u0430\u0442\u0443\u0440\u0430 \u0438 \u0441\u0440\u0430\u0432\u043d\u0438\u0442\u0435\u043b\u043d\u0438\u0442\u0435 \u0444\u043e\u043b\u043a\u043b\u043e\u0440\u0438\u0441\u0442\u0438\u0447\u043d\u0438 \u0438\u0437\u0441\u043b\u0435\u0434\u0432\u0430\u043d\u0438\u044f. \u041f\u043e\u043d\u0430\u0441\u0442\u043e\u044f\u0449\u0435\u043c \u0440\u0430\u0431\u043e\u0442\u0438 \u0432 \u0418\u0415\u0424\u0415\u041c \u2013 \u0411\u0410\u041d. \u041d\u0430\u0439-\u043d\u043e\u0432\u0438\u0442\u0435 \u045d \u043f\u0440\u043e\u0443\u0447\u0432\u0430\u043d\u0438\u044f \u0441\u0430 \u0432 \u043e\u0431\u043b\u0430\u0441\u0442\u0442\u0430 \u043d\u0430 \u0433\u0440\u0430\u0434\u0441\u043a\u0438\u0442\u0435 \u043b\u0435\u0433\u0435\u043d\u0434\u0438 \u0438 \u0434\u0440\u0443\u0433\u0438 \u0444\u043e\u0440\u043c\u0438 \u043d\u0430 \u0441\u044a\u0432\u0440\u0435\u043c\u0435\u043d\u0435\u043d \u0444\u043e\u043b\u043a\u043b\u043e\u0440.<\/p>\n\n\n\n<h4 class=\"wp-block-heading\">\u0421\u0442\u0430\u0442\u0438\u0438<\/h4>\n\n\n\n<p><a href=\"https:\/\/dialozi.uni-plovdiv.bg\/?p=2577\">\u041f\u0440\u043e\u0431\u043b\u0435\u043c\u044a\u0442 \u0437\u0430 \u0438\u0437\u043f\u0438\u0442\u0430\u043d\u0438\u0435\u0442\u043e \u0432 \u0441\u044e\u0436\u0435\u0442\u0430 \u0437\u0430 \u041f\u0435\u043f\u0435\u043b\u044f\u0448\u043a\u0430 \u0432 \u043f\u0440\u0438\u043a\u0430\u0437\u043a\u0438\u0442\u0435 \u043d\u0430 \u0411\u043e\u0436\u0435\u043d\u0430 \u041d\u0435\u043c\u0446\u043e\u0432\u0430 \u0438 \u0410\u043d\u0433\u0435\u043b \u041a\u0430\u0440\u0430\u043b\u0438\u0439\u0447\u0435\u0432. \/\/ <\/a><a href=\"https:\/\/dialozi.uni-plovdiv.bg\/?page_id=490\"><em>\u0421\u043b\u0430\u0432\u044f\u043d\u0441\u043a\u0438 \u0434\u0438\u0430\u043b\u043e\u0437\u0438<\/em>, XI, 2014, 15<\/a>.<\/p>\n\n\n\n<p><a href=\"https:\/\/dialozi.uni-plovdiv.bg\/?p=13187\" data-type=\"link\" data-id=\"https:\/\/dialozi.uni-plovdiv.bg\/?p=13187\">\u0420\u043e\u043c\u0430\u043d\u0442\u0438\u043a\u043e-\u0440\u0435\u0430\u043b\u0438\u0441\u0442\u0438\u0447\u0435\u0441\u043a\u0438 \u0441\u0443\u0431\u0441\u0442\u0440\u0430\u0442 \u0432 \u043f\u0440\u0438\u043a\u0430\u0437\u043a\u0438\u0442\u0435 \u043d\u0430 \u0411\u043e\u0436\u0435\u043d\u0430 \u041d\u0435\u043c\u0446\u043e\u0432\u0430 \u0438 \u043d\u0430 \u0410\u043d\u0433\u0435\u043b \u041a\u0430\u0440\u0430\u043b\u0438\u0439\u0447\u0435\u0432.<\/a> \/\/ <a href=\"https:\/\/dialozi.uni-plovdiv.bg\/?page_id=432\"><em>\u0421\u043b\u0430\u0432\u044f\u043d\u0441\u043a\u0438 \u0434\u0438\u0430\u043b\u043e\u0437\u0438<\/em>, \u0425, 2013, 14<\/a>.<\/p>\n\n\n\n<h4 class=\"wp-block-heading\">\u0420\u0435\u0446\u0435\u043d\u0437\u0438\u0438<\/h4>\n\n\n\n<p><strong><a href=\"https:\/\/dialozi.uni-plovdiv.bg\/?p=17122\" data-type=\"link\" data-id=\"https:\/\/dialozi.uni-plovdiv.bg\/?p=17122\">Alice Jedli\u010dkov\u00e1 a kol. <\/a><\/strong><em><a href=\"https:\/\/dialozi.uni-plovdiv.bg\/?p=17122\" data-type=\"link\" data-id=\"https:\/\/dialozi.uni-plovdiv.bg\/?p=17122\">Narativn\u00ed zp\u016fsoby v \u010desk\u00e9 proze 19. stolet\u00ed<\/a><\/em> [\u0410\u043b\u0438\u0446\u0435 \u0419\u0435\u0434\u043b\u0438\u0447\u043a\u043e\u0432\u0430 \u0438 \u043a\u043e\u043b. \u041d\u0430\u0440\u0430\u0442\u0438\u0432\u043d\u0438 \u043f\u043e\u0434\u0445\u043e\u0434\u0438 \u0432 \u0447\u0435\u0448\u043a\u0430\u0442\u0430 \u043f\u0440\u043e\u0437\u0430 \u043d\u0430 XIX \u0432\u0435\u043a]. \/\/ <a href=\"https:\/\/dialozi.uni-plovdiv.bg\/?page_id=15974\"><em>\u0421\u043b\u0430\u0432\u044f\u043d\u0441\u043a\u0438 \u0434\u0438\u0430\u043b\u043e\u0437\u0438<\/em>, XX, 2023, 31<\/a>.<\/p>\n\n\n\n<h4 class=\"wp-block-heading\">\u041f\u0440\u0435\u0432\u043e\u0434\u0438<\/h4>\n\n\n\n<p><strong>\u0418\u0440\u0436\u0438 \u041a\u0443\u0434\u044a\u0440\u043d\u0430\u0447<\/strong>. <a href=\"https:\/\/dialozi.uni-plovdiv.bg\/?p=5434\">\u041a\u0430\u0440\u0435\u043b \u0414\u043e\u0441\u0442\u0430\u043b-\u041b\u0443\u0442\u0438\u043d\u043e\u0432 \u2013 \u043f\u043e\u0435\u0442 \u043d\u0430 \u041a\u0430\u0442\u043e\u043b\u0438\u0447\u0435\u0441\u043a\u0430\u0442\u0430 \u043c\u043e\u0434\u0435\u0440\u043d\u0430.<\/a> \/\/ <a href=\"https:\/\/dialozi.uni-plovdiv.bg\/?page_id=3354\"><em>\u0421\u043b\u0430\u0432\u044f\u043d\u0441\u043a\u0438 \u0434\u0438\u0430\u043b\u043e\u0437\u0438<\/em>, XIV, 2017, 20<\/a><\/p>\n\n\n\n<p><a href=\"https:\/\/dialozi.uni-plovdiv.bg\/?p=1429\"><strong>\u041c\u0430\u0440\u0442\u0438\u043d \u0422\u043e\u043c\u0430\u0448\u0435\u043a.<\/strong> \u0421\u0442\u0430\u0440\u0438\u044f\u0442 \u043d\u043e\u0432 \u0425\u0430\u043b\u0435\u043a: \u043a\u044a\u043c \u0432\u044a\u043f\u0440\u043e\u0441\u0430 \u0437\u0430 \u0435\u043d\u0432\u0438\u0440\u043e\u043c\u0435\u043d\u0442\u0430\u043b\u043d\u0430\u0442\u0430 \u0435\u0441\u0442\u0435\u0442\u0438\u043a\u0430 | \u0421\u043b\u0430\u0432\u044f\u043d\u0441\u043a\u0438 \u0434\u0438\u0430\u043b\u043e\u0437\u0438 (uni-plovdiv.bg)<\/a><\/p>\n\n\n\n<p><a href=\"https:\/\/dialozi.uni-plovdiv.bg\/?p=5624\"><strong>\u041a\u0430\u0440\u0435\u043b \u042f\u0440\u043e\u043c\u0438\u0440 \u0415\u0440\u0431\u0435\u043d.<\/strong> \u0420\u0430\u0437\u0443\u043c\u044a\u0442 \u0438 K\u044a\u0441\u043c\u0435\u0442\u044a\u0442. \u041a\u0440\u0430\u043b\u044f\u0442 \u043f\u043e\u0440 | \u0421\u043b\u0430\u0432\u044f\u043d\u0441\u043a\u0438 \u0434\u0438\u0430\u043b\u043e\u0437\u0438 (uni-plovdiv.bg)<\/a><\/p>\n\n\n\n<p><strong>\u0419\u043e\u0437\u0435\u0444 \u0427\u0430\u043f\u0435\u043a<\/strong>. <em>\u0417\u0430 \u043a\u0443\u0447\u0435\u043d\u0446\u0435\u0442\u043e \u0438 \u043a\u043e\u0442\u0435\u043d\u0446\u0435\u0442\u043e<\/em> (\u0420\u0430\u0437\u043a\u0430\u0437\u0438). \/\/ <a href=\"https:\/\/dialozi.uni-plovdiv.bg\/?page_id=432\">\u0421\u043b\u0430\u0432\u044f\u043d\u0441\u043a\u0438 \u0434\u0438\u0430\u043b\u043e\u0437\u0438, \u0425, 2013, 14<\/a>.<\/p>\n\n\n\n<p><\/p>","protected":false},"excerpt":{"rendered":"\u0414-\u0440 \u0420\u043e\u0441\u0438\u043d\u0430 \u041a\u041e\u041a\u0423\u0414\u0415\u0412\u0410 (rosina_bg@yahoo.com) \u0435 \u0437\u0430\u0432\u044a\u0440\u0448\u0438\u043b\u0430 \u0441\u043b\u0430\u0432\u044f\u043d\u0441\u043a\u0430 \u0444\u0438\u043b\u043e\u043b\u043e\u0433\u0438\u044f (\u0431\u043e\u0445\u0435\u043c\u0438\u0441\u0442\u0438\u043a\u0430) \u0432 \u041f\u043b\u043e\u0432\u0434\u0438\u0432\u0441\u043a\u0438\u044f \u0443\u043d\u0438\u0432\u0435\u0440\u0441\u0438\u0442\u0435\u0442 \u201e\u041f\u0430\u0438\u0441\u0438\u0439 \u0425\u0438\u043b\u0435\u043d\u0434\u0430\u0440\u0441\u043a\u0438\u201c. \u041c\u043d\u043e\u0433\u043e\u043a\u0440\u0430\u0442\u043d\u043e \u0435 \u0441\u043f\u0435\u0446\u0438\u0430\u043b\u0438\u0437\u0438\u0440\u0430\u043b\u0430 \u0432 \u041a\u0430\u0440\u043b\u043e\u0432\u0438\u044f \u0443\u043d\u0438\u0432\u0435\u0440\u0441\u0438\u0442\u0435\u0442 \u0432 \u041f\u0440\u0430\u0433\u0430. \u041f\u0440\u0435\u0437 2015 \u0433. \u0437\u0430\u0449\u0438\u0442\u0430\u0432\u0430 \u0434\u043e\u043a\u0442\u043e\u0440\u0430\u0442 \u0432 \u0421\u0423 \u201e\u0421\u0432. \u041a\u043b\u0438\u043c\u0435\u043d\u0442 \u041e\u0445\u0440\u0438\u0434\u0441\u043a\u0438\u201c, \u0447\u0438\u0439\u0442\u043e \u0440\u0435\u0437\u0443\u043b\u0442\u0430\u0442 \u0435 \u043c\u043e\u043d\u043e\u0433\u0440\u0430\u0444\u0438\u044f\u0442\u0430 \u0411\u043e\u0436\u0435\u043d\u0430 \u041d\u0435\u043c\u0446\u043e\u0432\u0430 \u2013 \u0410\u043d\u0433\u0435\u043b \u041a\u0430\u0440\u0430\u043b\u0438\u0439\u0447\u0435\u0432. \u041e\u0431\u0449\u0438 \u0444\u043e\u043b\u043a\u043b\u043e\u0440\u043d\u0438 \u043c\u043e\u0434\u0435\u043b\u0438 \u0432 \u043f\u0440\u0438\u043a\u0430\u0437\u043d\u043e\u0442\u043e \u0442\u0432\u043e\u0440\u0447\u0435\u0441\u0442\u0432\u043e (2018). \u0418\u043d\u0442\u0435\u0440\u0435\u0441\u0438\u0442\u0435 \u045d \u0441\u0430 \u0432 \u043e\u0431\u043b\u0430\u0441\u0442\u0442\u0430 \u043d\u0430 \u0431\u044a\u043b\u0433\u0430\u0440\u0441\u043a\u0430\u0442\u0430 [&hellip;]","protected":false},"author":348,"featured_media":0,"parent":1597,"menu_order":0,"comment_status":"closed","ping_status":"closed","template":"","meta":{"_acf_changed":false,"footnotes":""},"class_list":["post-4819","page","type-page","status-publish","hentry"],"acf":[],"_links":{"self":[{"href":"https:\/\/dialozi.uni-plovdiv.bg\/index.php?rest_route=\/wp\/v2\/pages\/4819","targetHints":{"allow":["GET"]}}],"collection":[{"href":"https:\/\/dialozi.uni-plovdiv.bg\/index.php?rest_route=\/wp\/v2\/pages"}],"about":[{"href":"https:\/\/dialozi.uni-plovdiv.bg\/index.php?rest_route=\/wp\/v2\/types\/page"}],"author":[{"embeddable":true,"href":"https:\/\/dialozi.uni-plovdiv.bg\/index.php?rest_route=\/wp\/v2\/users\/348"}],"replies":[{"embeddable":true,"href":"https:\/\/dialozi.uni-plovdiv.bg\/index.php?rest_route=%2Fwp%2Fv2%2Fcomments&post=4819"}],"version-history":[{"count":24,"href":"https:\/\/dialozi.uni-plovdiv.bg\/index.php?rest_route=\/wp\/v2\/pages\/4819\/revisions"}],"predecessor-version":[{"id":17270,"href":"https:\/\/dialozi.uni-plovdiv.bg\/index.php?rest_route=\/wp\/v2\/pages\/4819\/revisions\/17270"}],"up":[{"embeddable":true,"href":"https:\/\/dialozi.uni-plovdiv.bg\/index.php?rest_route=\/wp\/v2\/pages\/1597"}],"wp:attachment":[{"href":"https:\/\/dialozi.uni-plovdiv.bg\/index.php?rest_route=%2Fwp%2Fv2%2Fmedia&parent=4819"}],"curies":[{"name":"wp","href":"https:\/\/api.w.org\/{rel}","templated":true}]}}